{"id":3,"date":"2023-01-25T12:32:10","date_gmt":"2023-01-25T12:32:10","guid":{"rendered":"https:\/\/latribueco.com\/?page_id=3"},"modified":"2024-12-11T19:33:25","modified_gmt":"2024-12-11T18:33:25","slug":"privacy-policy","status":"publish","type":"page","link":"https:\/\/latribueco.com\/index.php\/privacy-policy\/","title":{"rendered":"Pol\u00edtica de privacidad"},"content":{"rendered":"\n<h2 class=\"wp-block-heading\"><\/h2>\n\n\n\n<p>La Tribu ECO te informa sobre su Pol\u00edtica de Privacidad respecto del tratamiento y protecci\u00f3n de los datos de car\u00e1cter personal de los usuarios y clientes que puedan ser recabados por la navegaci\u00f3n o contrataci\u00f3n de servicios a trav\u00e9s del sitio Web WWW.LATRIBUECO.COM.<\/p>\n\n\n\n<p>En este sentido, el Titular garantiza el cumplimiento de la normativa vigente en materia de protecci\u00f3n de datos personales, reflejada en la Ley Org\u00e1nica 3\/2018, de 5 de diciembre, de Protecci\u00f3n de Datos Personales y de Garant\u00eda de Derechos Digitales (LOPD GDD). Cumple tambi\u00e9n con el Reglamento (UE) 2016\/679 del Parlamento Europeo y del Consejo de 27 de abril de 2016 relativo a la protecci\u00f3n de las personas f\u00edsicas (RGPD).<\/p>\n\n\n\n<p>Esta Pol\u00edtica de Privacidad tiene por objeto poner en conocimiento de los titulares de los datos personales, respecto de los cuales se est\u00e1 recabando informaci\u00f3n, los aspectos espec\u00edficos relativos al tratamiento sus datos, entre otras cosas, las finalidades de los tratamientos, los datos de contacto para ejercer los derechos que le asisten, los plazos de conservaci\u00f3n de la informaci\u00f3n y las medidas de seguridad entre otras cosas.<\/p>\n\n\n\n<p>El uso de sitio Web implica la aceptaci\u00f3n de esta Pol\u00edtica de Privacidad, as\u00ed como las condiciones incluidas en el Aviso Legal.<\/p>\n\n\n\n<p>RESPONSABLE DEL TRATAMIENTO<\/p>\n\n\n\n<p>En t\u00e9rminos de protecci\u00f3n de datos Javier Clemente Fortuna, debe ser considerado Responsable del Tratamiento, en relaci\u00f3n a los ficheros\/tratamientos identificados en la presente pol\u00edtica, concretamente en el apartado Tratamientos de datos.<\/p>\n\n\n\n<p>A continuaci\u00f3n, se indican los datos identificativos del titular del presente sitio web:<\/p>\n\n\n\n<p>\u2013 Responsable del Tratamiento: Javier Clemente Fortuna<\/p>\n\n\n\n<p>\u2013 Direcci\u00f3n electr\u00f3nica: hola@todossomosreciclaje.com<\/p>\n\n\n\n<p>PRINCIPIOS APLICADOS EN EL TRATAMIENTO DE DATOS<\/p>\n\n\n\n<p>En el tratamiento de tus datos personales, el Titular aplicar\u00e1 los siguientes principios que se ajustan a las exigencias del nuevo reglamento europeo de protecci\u00f3n de datos:<\/p>\n\n\n\n<p>\u2013 Principio de licitud, lealtad y transparencia: El Titular siempre requerir\u00e1 el consentimiento para el tratamiento de tus datos personales que puede ser para uno o varios fines espec\u00edficos sobre los que te informar\u00e1 previamente con absoluta transparencia.<\/p>\n\n\n\n<p>\u2013 Principio de minimizaci\u00f3n de datos: El Titular te solicitar\u00e1 solo los datos estrictamente necesarios para el fin o los fines que los solicita.<\/p>\n\n\n\n<p>\u2013 Principio de limitaci\u00f3n del plazo de conservaci\u00f3n: Los datos se mantendr\u00e1n durante el tiempo estrictamente necesario para el fin o los fines del tratamiento.<\/p>\n\n\n\n<p>El Titular te informar\u00e1 del plazo de conservaci\u00f3n correspondiente seg\u00fan la finalidad. En el caso de suscripciones, el Titular revisar\u00e1 peri\u00f3dicamente las listas y eliminar\u00e1 aquellos registros inactivos durante un tiempo considerable.<\/p>\n\n\n\n<p>\u2013 Principio de integridad y confidencialidad: Tus datos ser\u00e1n tratados de tal manera que su seguridad, confidencialidad e integridad est\u00e9 garantizada. Debes saber que el<\/p>\n\n\n\n<p>Titular toma las precauciones necesarias para evitar el acceso no autorizado o uso indebido de los datos de sus usuarios por parte de terceros.<\/p>\n\n\n\n<p>OBTENCI\u00d3N DE DATOS PERSONALES<\/p>\n\n\n\n<p>Para navegar por WWW.LATRIBUECO.COM no es necesario que facilites ning\u00fan dato personal. Los casos en los que s\u00ed proporcionas tus datos personales son los siguientes:<\/p>\n\n\n\n<p>\u2013 Al contactar a trav\u00e9s de los formularios de contacto o enviar un correo electr\u00f3nico.<\/p>\n\n\n\n<p>\u2013 Al realizar un comentario en un art\u00edculo o p\u00e1gina.<\/p>\n\n\n\n<p>\u2013 Al inscribirte en un formulario de suscripci\u00f3n o un bolet\u00edn que el Titular gestiona con Brevo.<\/p>\n\n\n\n<p>&#8211; Al inscribirte a la membres\u00eda. Esos datos son adquiridos y gestionados por Hotmart.<\/p>\n\n\n\n<p>Los datos de car\u00e1cter personal que se soliciten, en su caso, consistir\u00e1n \u00fanicamente en aquellos estrictamente imprescindibles para identificar y atender la solicitud realizada por el titular de los mismos, en adelante el interesado. Dicha informaci\u00f3n ser\u00e1 tratada de forma leal, l\u00edcita y transparente en relaci\u00f3n con el interesado. Por otra parte, los datos personales ser\u00e1n recogidos para finalidades determinadas expl\u00edcitas y leg\u00edtimas, no siendo tratados ulteriormente de manera con incompatible con dichos fines.<\/p>\n\n\n\n<p>Los datos recogidos de cada interesado ser\u00e1n adecuados, pertinentes y no excesivos en relaci\u00f3n a las finalidades correspondientes para cada caso, y ser\u00e1n actualizados siempre que sea necesario.<\/p>\n\n\n\n<p>El titular de los datos ser\u00e1 informado, con car\u00e1cter previo a la recogida de sus datos, de los extremos generales regulados en esta pol\u00edtica a fin de que pueda prestar el consentimiento expreso, preciso e inequ\u00edvoco para el tratamiento de sus datos, conforme a los siguientes aspectos.<\/p>\n\n\n\n<p>FINALIDADES DEL TRATAMIENTO<\/p>\n\n\n\n<p>Los datos personales ser\u00e1n utilizados para los fines para enviarte la informaci\u00f3n necesaria de la membres\u00eda, y, eventualmente, para hacerte part\u00edcipe de eventos que pueda organizar, realizar encuestas de satisfacci\u00f3n y opini\u00f3n sobre la web y los temas tratados en ella, o para informarte de las ofertas de productos o servicios que pueda prestar.<\/p>\n\n\n\n<p>Cuando te conectas al sitio Web para mandar un correo al Titular, te suscribes a su bolet\u00edn o realizas una contrataci\u00f3n, est\u00e1s facilitando informaci\u00f3n de car\u00e1cter personal de la que el responsable es el Titular. Esta informaci\u00f3n puede incluir datos de car\u00e1cter personal como pueden ser tu direcci\u00f3n IP, nombre y apellidos, direcci\u00f3n f\u00edsica, direcci\u00f3n de correo electr\u00f3nico, n\u00famero de tel\u00e9fono, y otra informaci\u00f3n.<\/p>\n\n\n\n<p>Como Usuario puedes oponerte a recibir este tipo de comunicaciones en cualquier momento, d\u00e1ndote de baja en el email que recibas o, en su defecto y si no pudieras hacerlo as\u00ed, enviando un correo directamente a hola@todossomosreciclaje.com.<\/p>\n\n\n\n<p>El tratamiento de tus datos personales para el env\u00edo de informaci\u00f3n de la web e informaci\u00f3n promocional sobre actividades, campa\u00f1as o iniciativas de La Tribu ECO similares a las que hayas participado con anterioridad, responde a un inter\u00e9s leg\u00edtimo de la entidad y est\u00e1 autorizado por la normativa vigente.<\/p>\n\n\n\n<p>No obstante, los datos de car\u00e1cter personal del interesado ser\u00e1n tratados con la exclusiva finalidad de proporcionarles una respuesta efectiva y atender las solicitudes practicadas por el usuario, especificadas junto a la opci\u00f3n, servicio, formulario o sistema de toma de datos que el titular utilice.<\/p>\n\n\n\n<p>Los datos personales y la finalidad del tratamiento por parte del Titular es diferente seg\u00fan el sistema de captura de informaci\u00f3n:<\/p>\n\n\n\n<p>\u2013 Formularios de contacto: El Titular solicita datos personales entre los que pueden estar: Nombre y apellidos, direcci\u00f3n de correo electr\u00f3nico con la finalidad de responder a tus consultas.<\/p>\n\n\n\n<p>Por ejemplo, el Titular utiliza esos datos para dar respuesta a tus mensajes, dudas, quejas, comentarios o inquietudes que puedas tener relativas a la informaci\u00f3n incluida en el sitio Web, los servicios que se prestan a trav\u00e9s del sitio Web, el tratamiento de tus datos personales, cuestiones referentes a los textos legales incluidos en el sitio Web, as\u00ed como cualquier otra consulta que puedas tener y que no est\u00e9 sujeta a las condiciones del sitio Web o de la contrataci\u00f3n.<\/p>\n\n\n\n<p>\u2013 Formularios de suscripci\u00f3n a contenidos y\/o obtenci\u00f3n de contenidos: El Titular solicita los siguientes datos personales: direcci\u00f3n de correo electr\u00f3nico para gestionar la lista de suscripciones, enviar boletines, promociones y ofertas especiales.<\/p>\n\n\n\n<p>Los datos que facilites al Titular estar\u00e1n ubicados en los servidores de The Rocket Science Group LLC d\/b\/a, con domicilio en EEUU. (Mailchimp). Y en los servidores de Raiola Networks con domicilio en Avenida de Magoi n\u00ba66 Semis\u00f3tano Derecha, 27002, Lugo, Espa\u00f1a.<\/p>\n\n\n\n<p>Existen otras finalidades por las que el Titular trata tus datos personales:<\/p>\n\n\n\n<p>\u2013 Para garantizar el cumplimiento de las condiciones recogidas en el Aviso Legal y en la ley aplicable. Esto puede incluir el desarrollo de herramientas y algoritmos que ayuden a este sitio Web a garantizar la confidencialidad de los datos personales que recoge.<\/p>\n\n\n\n<p>\u2013 Para apoyar y mejorar los servicios que ofrece este sitio Web.<\/p>\n\n\n\n<p>\u2013 Para analizar la navegaci\u00f3n. El Titular recoge otros datos no identificativos que se obtienen mediante el uso de cookies que se descargan en tu ordenador cuando navegas por el sitio Web cuyas caracter\u00edsiticas y finalidad est\u00e1n detalladas en la Pol\u00edtica de Cookies .<\/p>\n\n\n\n<p>\u2013 Para gestionar las redes sociales. el Titular tiene presencia en redes sociales. Si te haces seguidor en las redes sociales del Titular el tratamiento de los datos personales se regir\u00e1 por este apartado, as\u00ed como por aquellas condiciones de uso, pol\u00edticas de privacidad y normativas de acceso que pertenezcan a la red social que proceda en cada caso y que has aceptado previamente.<\/p>\n\n\n\n<p>Categor\u00edas de datos personales<\/p>\n\n\n\n<p>Las categor\u00edas de datos personales que trata el Titular son:<\/p>\n\n\n\n<p>Datos identificativos (Nombre, apellidos y correo electr\u00f3nico)<\/p>\n\n\n\n<p>Destinatarios de datos personales<\/p>\n\n\n\n<p>&#8211; Hotmart BV, una empresa neerlandesa, con sede en Spuistraat 168D, 1012 VT, \u00c1msterdam, Pa\u00edses Bajos, registro KVK CCI n\u00ba 60335777 y VAT ID: NL8538.63.751.B01<\/p>\n\n\n\n<p>\u2013 Brevo. Brevo SAS \u2013 Politique de confidentialit\u00e9 7 rue de Madrid, 75008 Paris, France. Atenci\u00f3n al cliente: <a href=\"mailto:support@brevo.com\" target=\"_blank\" rel=\"noreferrer noopener\">support@brevo.com<\/a><\/p>\n\n\n\n<p>\u2013 Google Analytics es un servicio de anal\u00edtica web prestado por Google, Inc., una compa\u00f1\u00eda de Delaware cuya oficina principal est\u00e1 en 1600 Amphitheatre Parkway, Mountain View (California), CA 94043, Estados Unidos (\u201cGoogle\u201d). Encontrar\u00e1s m\u00e1s informaci\u00f3n en: https:\/\/analytics.google.com<\/p>\n\n\n\n<p>Google Analytics utiliza \u201ccookies\u201d, que son archivos de texto ubicados en tu ordenador, para ayudar al Titular a analizar el uso que hacen los usuarios del sitio Web. La informaci\u00f3n que genera la cookie acerca del uso del sitio Web (incluyendo tu direcci\u00f3n IP) ser\u00e1 directamente transmitida y archivada por Google en los servidores de Estados Unidos.<\/p>\n\n\n\n<p>\u2013 Raiola Networks es un servicio de hosting para web, cuya oficina se encuentra en Avenida de Magoi n\u00ba66 Semis\u00f3tano Derecha, 27002, Lugo, Espa\u00f1a.<\/p>\n\n\n\n<p>Tambi\u00e9n puedes ver una lista de los tipos de cookies que utiliza Google y sus colaboradores y toda la informaci\u00f3n relativa al uso que hacen de cookies publicitarias.<\/p>\n\n\n\n<p>No se ceder\u00e1n, vender\u00e1n ni ofrecer\u00e1n datos, salvo las siguientes circunstancias:<\/p>\n\n\n\n<p>\u2013 Los casos en los que lo exijan las Administraciones P\u00fablicas para el cumplimiento de las obligaciones legales que pudieran derivar de la actividad que realiza La Tribu ECO.<\/p>\n\n\n\n<p>\u2013 Los casos en los que intervengan proveedores que precisen acceder a datos para la prestaci\u00f3n de servicios que haya contratado a dichos proveedores, y con los cuales tengo suscritos los contratos de confidencialidad y de tratamiento de datos personales necesarios y exigidos por la normativa para proteger tu privacidad.<\/p>\n\n\n\n<p>\u2013 Aquellas cesiones a terceros que sean necesarias para la organizaci\u00f3n o coordinaci\u00f3n de cualquier eventual campa\u00f1a, actividad o iniciativa en la que voluntariamente decidas participar.<\/p>\n\n\n\n<p>Legitimaci\u00f3n<\/p>\n\n\n\n<p>Por regla general, previo al tratamiento de los datos personales, Javier Clemente Fortuna obtiene consentimiento expreso e inequ\u00edvoco del titular de los mismos, mediante la incorporaci\u00f3n de cl\u00e1usulas de consentimiento informado en los diferentes sistemas de recogida de informaci\u00f3n.<\/p>\n\n\n\n<p>Plazos de conservaci\u00f3n<\/p>\n\n\n\n<p>La informaci\u00f3n recabada del interesado ser\u00e1 conservada mientras sea necesaria para cumplir con la finalidad para la cual fueron recabados los datos personales, de forma que, una vez cumplida la finalidad los datos ser\u00e1n cancelados. Dicha cancelaci\u00f3n dar\u00e1 lugar al bloqueo de los datos conserv\u00e1ndose \u00fanicamente a disposici\u00f3n de las AAPP, Jueces y Tribunales, para atender las posibles responsabilidades nacidas del tratamiento, durante el plazo de prescripci\u00f3n de \u00e9stas, cumplido el citado plazo se proceder\u00e1 a la destrucci\u00f3n de la informaci\u00f3n.<\/p>\n\n\n\n<p>Enlaces Externos y contenido de otras webs<\/p>\n\n\n\n<p>Si sigues los enlaces a otros sitios web externos a esta p\u00e1gina, debes saber que La Tribu ECO no es responsable de las pr\u00e1cticas y pol\u00edticas de privacidad que emplean esas otras webs, por lo que deber\u00e1s informarse con anterioridad de la Pol\u00edtica de privacidad y tratamiento de datos personales que empleen dichas p\u00e1ginas.<\/p>\n\n\n\n<p>Las p\u00e1ginas de este sitio Web pueden incluir contenido incrustado (por ejemplo, v\u00eddeos, im\u00e1genes, art\u00edculos, etc.). El contenido incrustado de otras web se comporta exactamente de la misma manera que si hubieras visitado la otra web.<\/p>\n\n\n\n<p>Estos sitios Web pueden recopilar datos sobre ti, utilizar cookies, incrustar un c\u00f3digo de seguimiento adicional de terceros, y supervisar tu interacci\u00f3n usando este c\u00f3digo.<\/p>\n\n\n\n<p>Correos Comerciales que puedan enviarse en un futuro<\/p>\n\n\n\n<p>Cualquier correo de car\u00e1cter comercial que pueda enviar ha sido con anterioridad a dicho env\u00edo autorizado expresamente por tu parte, no envi\u00e1ndote informaci\u00f3n con dicho car\u00e1cter si no aceptas con anterioridad la pol\u00edtica de privacidad de este sitio web.<\/p>\n\n\n\n<p>Navegaci\u00f3n Web<\/p>\n\n\n\n<p>Al navegar por WWW.LATRIBUECO.COM se pueden recoger datos no identificativos, que pueden incluir, la direcci\u00f3n IP, geolocalizaci\u00f3n, un registro de c\u00f3mo se utilizan los servicios y sitios, h\u00e1bitos de navegaci\u00f3n y otros datos que no pueden ser utilizados para identificarte.<\/p>\n\n\n\n<p>El sitio Web utiliza los siguientes servicios de an\u00e1lisis de terceros:<\/p>\n\n\n\n<p>\u2013 Google Analytics<\/p>\n\n\n\n<p>El Titular utiliza la informaci\u00f3n obtenida para obtener datos estad\u00edsticos, analizar tendencias, administrar el sitio, estudiar patrones de navegaci\u00f3n y para recopilar informaci\u00f3n demogr\u00e1fica.<\/p>\n\n\n\n<p>Exactitud y veracidad de los datos personales<\/p>\n\n\n\n<p>Te comprometes a que los datos facilitados al Titular sean correctos, completos, exactos y vigentes, as\u00ed como a mantenerlos debidamente actualizados.<\/p>\n\n\n\n<p>Como Usuario del sitio Web eres el \u00fanico responsable de la veracidad y correcci\u00f3n de los datos que remitas al sitio exonerando a el Titular de cualquier responsabilidad al respecto.<\/p>\n\n\n\n<p>Aceptaci\u00f3n y consentimiento<\/p>\n\n\n\n<p>Como Usuario del sitio Web declaras haber sido informado de las condiciones sobre protecci\u00f3n de datos de car\u00e1cter personal, aceptas y consientes el tratamiento de los mismos por parte de el Titular en la forma y para las finalidades indicadas en esta Pol\u00edtica de Privacidad.<\/p>\n\n\n\n<p>Revocabilidad<\/p>\n\n\n\n<p>Para ejercitar tus derechos de acceso, rectificaci\u00f3n, cancelaci\u00f3n, portabilidad y oposici\u00f3n tienes que enviar un correo electr\u00f3nico a hola@todossomosreciclaje.com junto con la prueba v\u00e1lida en derecho como una fotocopia del D.N.I. o equivalente.<\/p>\n\n\n\n<p>El ejercicio de tus derechos no incluye ning\u00fan dato que el Titular est\u00e9 obligado a conservar con fines administrativos, legales o de seguridad.<\/p>\n\n\n\n<p>Cambios en la Pol\u00edtica de Privacidad<\/p>\n\n\n\n<p>El Titular se reserva el derecho a modificar la presente Pol\u00edtica de Privacidad para adaptarla a novedades legislativas o jurisprudenciales, as\u00ed como a pr\u00e1cticas de la industria.<\/p>\n\n\n\n<p>Estas pol\u00edticas estar\u00e1n vigentes hasta que sean modificadas por otras debidamente publicadas.<\/p>\n\n\n\n<p>Tus derechos<\/p>\n\n\n\n<p>El Titular te informa que sobre tus datos personales tienes derecho a:<\/p>\n\n\n\n<p>\u2013 Solicitar el acceso a los datos almacenados.<\/p>\n\n\n\n<p>\u2013 Solicitar una rectificaci\u00f3n o la cancelaci\u00f3n.<\/p>\n\n\n\n<p>\u2013 Solicitar la limitaci\u00f3n de su tratamiento.<\/p>\n\n\n\n<p>\u2013 Oponerte al tratamiento.<\/p>\n\n\n\n<p>\u2013 Solicitar la portabilidad de tus datos.<\/p>\n\n\n\n<p>El ejercicio de estos derechos es personal y por tanto debe ser ejercido directamente por el interesado, solicit\u00e1ndolo directamente al Titular, lo que significa que cualquier cliente, suscriptor o colaborador que haya facilitado sus datos en alg\u00fan momento puede dirigirse al Titular y pedir informaci\u00f3n sobre los datos que tiene almacenados y c\u00f3mo los ha obtenido, solicitar la rectificaci\u00f3n de los mismos, solicitar la portabilidad de sus datos personales, oponerse al tratamiento, limitar su uso o solicitar la cancelaci\u00f3n de esos datos en los ficheros del Titular.<\/p>\n\n\n\n<p>Para ejercitar tus derechos de acceso, rectificaci\u00f3n, cancelaci\u00f3n, portabilidad y oposici\u00f3n tienes que enviar un correo electr\u00f3nico a hola@todossomosreciclaje.com junto con la prueba v\u00e1lida en derecho como una fotocopia del D.N.I. o equivalente.<\/p>\n\n\n\n<p>Tienes derecho a la tutela judicial efectiva y a presentar una reclamaci\u00f3n ante la autoridad de control, en este caso, la Agencia Espa\u00f1ola de Protecci\u00f3n de Datos, si consideras que el tratamiento de datos personales que te conciernen infringe el Reglamento.<\/p>\n","protected":false},"excerpt":{"rendered":"<p>La Tribu ECO te informa sobre su Pol\u00edtica de Privacidad respecto del tratamiento y protecci\u00f3n de los datos de car\u00e1cter personal de los usuarios y clientes que puedan ser recabados por la navegaci\u00f3n o contrataci\u00f3n de servicios a trav\u00e9s del sitio Web WWW.LATRIBUECO.COM. En este sentido, el Titular garantiza el cumplimiento de la normativa vigente [&hellip;]<\/p>\n","protected":false},"author":1,"featured_media":0,"parent":0,"menu_order":0,"comment_status":"closed","ping_status":"open","template":"","meta":{"footnotes":""},"class_list":["post-3","page","type-page","status-publish","hentry"],"_links":{"self":[{"href":"https:\/\/latribueco.com\/index.php\/wp-json\/wp\/v2\/pages\/3","targetHints":{"allow":["GET"]}}],"collection":[{"href":"https:\/\/latribueco.com\/index.php\/wp-json\/wp\/v2\/pages"}],"about":[{"href":"https:\/\/latribueco.com\/index.php\/wp-json\/wp\/v2\/types\/page"}],"author":[{"embeddable":true,"href":"https:\/\/latribueco.com\/index.php\/wp-json\/wp\/v2\/users\/1"}],"replies":[{"embeddable":true,"href":"https:\/\/latribueco.com\/index.php\/wp-json\/wp\/v2\/comments?post=3"}],"version-history":[{"count":1,"href":"https:\/\/latribueco.com\/index.php\/wp-json\/wp\/v2\/pages\/3\/revisions"}],"predecessor-version":[{"id":13,"href":"https:\/\/latribueco.com\/index.php\/wp-json\/wp\/v2\/pages\/3\/revisions\/13"}],"wp:attachment":[{"href":"https:\/\/latribueco.com\/index.php\/wp-json\/wp\/v2\/media?parent=3"}],"curies":[{"name":"wp","href":"https:\/\/api.w.org\/{rel}","templated":true}]}}